{"id":7,"date":"2015-10-19T17:34:46","date_gmt":"2015-10-19T16:34:46","guid":{"rendered":"http:\/\/tousenchoeur.fr\/?page_id=7"},"modified":"2026-03-27T15:36:21","modified_gmt":"2026-03-27T14:36:21","slug":"presentation","status":"publish","type":"page","link":"https:\/\/tousenchoeur.fr\/index.php\/presentation\/","title":{"rendered":"Pr\u00e9sentation"},"content":{"rendered":"<div class=\"\">\n<p class=\"\"><span class=\"\" style=\"font-family: arial, helvetica, sans-serif;\"><span style=\"font-size: 24pt;\">Tous En Ch\u0153ur, <\/span>la chorale de Saint-\u00c9tienne-de-Saint-Geoirs<\/span><\/p>\n<p class=\"\"><span class=\"\" style=\"font-family: arial, helvetica, sans-serif;\">Association loi 1901, elle a pour objectif premier de tisser un lien social et culturel en organisant des concerts.&nbsp;<\/span><\/p>\n<p class=\"\"><span style=\"font-family: arial, helvetica, sans-serif;\"><span class=\"\">Nous sommes plus de 80 choristes venant de 25 communes des alentours, nous nous retrouvons <\/span><span class=\"\">chaque lundi soir de 19h15 \u00e0 21h00, <\/span><\/span><span style=\"font-family: arial, helvetica, sans-serif;\"><span class=\"\">dans la joie et la bonne humeur,<\/span><\/span><span style=\"font-family: arial, helvetica, sans-serif;\"><span class=\"\">&nbsp;<\/span><span class=\"\">dans la salle de la licorne de Saint-\u00c9tienne-de-Saint-Geoirs.<\/span><\/span><\/p>\n<p class=\"\"><span class=\"\" style=\"font-family: arial, helvetica, sans-serif;\">Amandine ZOZ assure la direction du ch\u0153ur depuis 2004.<\/span><\/p>\n<p class=\"\"><span class=\"\" style=\"font-family: arial, helvetica, sans-serif;\">Pour les concerts <span class=\"\">et lors des r\u00e9p\u00e9titions, l\u2019accompagnement musical <\/span>est assur\u00e9 par notre pianiste Vincent GINON.&nbsp;<\/span><\/p>\n<\/div>\n<p>&nbsp;<\/p>\n<div class=\"\">\n<div class=\"\"><span style=\"font-family: arial, helvetica, sans-serif;\">&nbsp;Petit historique<\/span><\/div>\n<p class=\"\"><span class=\"\" style=\"font-family: arial, helvetica, sans-serif;\">Notre chorale&nbsp; a vu le jour en septembre 2001 \u00e0 St-Pierre-de-Bressieux pour faire chanter les gens du pays.<\/span><\/p>\n<p class=\"\"><span style=\"font-family: arial, helvetica, sans-serif;\"><span class=\"\">Dirig\u00e9e par&nbsp;<\/span><span class=\"\">Farid&nbsp;BEN SA\u00cfD<\/span><span class=\"\">, c\u2019\u00e9tait alors une des activit\u00e9s propos\u00e9es par l\u2019A.F.R. (Association Familles Rurales) dans le village.<\/span><\/span><\/p>\n<p class=\"\"><span class=\"\" style=\"font-family: arial, helvetica, sans-serif;\">En septembre 2004, elle est baptis\u00e9e \u00abTous en ch\u0153ur\u00bb.<\/span><\/p>\n<p class=\"\"><span style=\"font-family: arial, helvetica, sans-serif;\"><span class=\"\">Amandine&nbsp;ZOZ&nbsp;<\/span><span class=\"\">devient alors notre chef de ch\u0153ur et Bernard FRIGERE se met au synth\u00e9 pour l\u2019accompagnement musical.&nbsp;<\/span><\/span><\/p>\n<p class=\"\"><span class=\"\" style=\"font-family: arial, helvetica, sans-serif;\">En juillet 2011, la chorale quitte l\u2019A.F.R. et se constitue en une association loi 1901, avec pour objectif premier de tisser un lien social et culturel en organisant des concerts.<\/span><\/p>\n<p><span style=\"font-family: arial, helvetica, sans-serif;\">En 2020, en raison de la crise sanitaire du COVID19, les r\u00e9p\u00e9titions de la chorale sont d\u00e9plac\u00e9es \u00e0 la \u00ab\u00a0salle du Pont Neuf\u00a0\u00bb \u00e0 Viriville que nous remercions chaleureusement pour son accueil.<\/span><\/p>\n<p><span style=\"font-family: arial, helvetica, sans-serif;\">En 2023, la chorale d\u00e9place son si\u00e8ge \u00e0 Saint-\u00c9tienne-de-Saint-Geoirs, les r\u00e9p\u00e9titions ont maintenant lieu \u00e0 \u00ab\u00a0la salle de la licorne\u00a0\u00bb.<\/span><\/p>\n<div class=\"\"><span class=\"\" style=\"font-family: arial, helvetica, sans-serif;\"><span class=\"\" style=\"color: #333333; font-size: large;\"><span style=\"font-size: 14pt;\">En 2024, la chorale a f\u00eat\u00e9 ses 20 ans lors d&rsquo;un concert m\u00e9morable !<\/span><\/span><\/span><\/div>\n<\/div>\n","protected":false},"excerpt":{"rendered":"<p>Tous En Ch\u0153ur, la chorale de Saint-\u00c9tienne-de-Saint-Geoirs Association loi 1901, elle a pour objectif premier de tisser un lien social&hellip;<\/p>\n","protected":false},"author":1,"featured_media":0,"parent":0,"menu_order":1,"comment_status":"closed","ping_status":"closed","template":"","meta":{"ngg_post_thumbnail":0,"footnotes":""},"class_list":["post-7","page","type-page","status-publish","hentry"],"_links":{"self":[{"href":"https:\/\/tousenchoeur.fr\/index.php\/wp-json\/wp\/v2\/pages\/7","targetHints":{"allow":["GET"]}}],"collection":[{"href":"https:\/\/tousenchoeur.fr\/index.php\/wp-json\/wp\/v2\/pages"}],"about":[{"href":"https:\/\/tousenchoeur.fr\/index.php\/wp-json\/wp\/v2\/types\/page"}],"author":[{"embeddable":true,"href":"https:\/\/tousenchoeur.fr\/index.php\/wp-json\/wp\/v2\/users\/1"}],"replies":[{"embeddable":true,"href":"https:\/\/tousenchoeur.fr\/index.php\/wp-json\/wp\/v2\/comments?post=7"}],"version-history":[{"count":21,"href":"https:\/\/tousenchoeur.fr\/index.php\/wp-json\/wp\/v2\/pages\/7\/revisions"}],"predecessor-version":[{"id":4961,"href":"https:\/\/tousenchoeur.fr\/index.php\/wp-json\/wp\/v2\/pages\/7\/revisions\/4961"}],"wp:attachment":[{"href":"https:\/\/tousenchoeur.fr\/index.php\/wp-json\/wp\/v2\/media?parent=7"}],"curies":[{"name":"wp","href":"https:\/\/api.w.org\/{rel}","templated":true}]}}